 -1. Give n(z).
-3
Suppose 4489*v = 4484*v. Let a(k) = -k**3 + k + 9. Give a(v).
9
Let w be (-6)/16*((-140)/(-90) + -2). Let k(g) be the second derivative of -w*g**3 + 2*g + 0 - 3/2*g**2. Determine k(-5).
2
Suppose 2*y - 13 = -o, -y + 3*o = -3*y + 19. Let j(x) = 5*x**2 + x + 3. Let r(m) = 14*m**2 + 4*m + 8. Let s(n) = -17*j(n) + 6*r(n). What is s(y)?
7
Let d(n) = n**2 - 20*n + 34. Let o = -1021 - -1039. Give d(o).
-2
Let n(q) = -q**2 + 4*q + 5. Let g(t) = -2*t - 25. Let u be g(-7). Let o(c) = -c**2 - 11*c + 4. Let p be o(u). Give n(p).
5
Let o be ((-8)/(-6))/(-1)*93/(-62). Let h(p) = 2*p**2 - p - 1. Calculate h(o).
5
Let s = -21 + 38. Suppose 3*y - 5 + s = 0. Let k(q) = -29*q + 31*q - 8*q - 2*q**2 - 6. Give k(y).
-14
Let v(o) be the third derivative of o**4/24 + 7*o**3/6 - o**2. Let l be v(-5). Let w(t) = l - t - 5*t + 4*t. Determine w(-3).
8
Let f(t) = 26*t**2 - 1 - t**3 - 24*t**2 + t + t + 3*t**3 - 3*t. Determine f(2).
21
Let v(h) be the third derivative of h**7/840 - h**6/40 + 7*h**5/120 + h**4/4 + 10*h**3/3 - 47*h**2. Let u(z) be the first derivative of v(z). What is u(8)?
-2
Let w(h) = 2*h - 3. Let i(u) = -u**2 - 10*u + 15. Let z be i(-11). Suppose -34 + z = -5*a - t, 5 = -3*a + 4*t. Suppose 4*x - a - 15 = 0. Determine w(x).
7
Let s(m) = -2*m**2 + 8*m - 2. Let i be s(3). Let a(n) be the second derivative of -n**3 - 1/12*n**i + 0 - 3/2*n**2 + 4*n. What is a(-4)?
5
Let y(h) be the third derivative of 1/6*h**3 + 0*h + 0 - 2/15*h**5 + 10*h**2 + 0*h**4. Let l = 0 - 1. Determine y(l).
-7
Let l(x) = x**3 - 7*x**2 - 10*x + 5. Suppose 0 = 7*h - 40 - 16. Calculate l(h).
-11
Let v = 615 - 614. Let j(g) = -13*g. Determine j(v).
-13
Let b be (-126)/(-24) + 1/(-4). Let y(m) = m**3 + 8*m**2 - 2*m + 9. Let n(d) = 3*d**3 + 17*d**2 - 4*d + 20. Let l(z) = -2*n(z) + 5*y(z). Determine l(b).
20
Let f(c) = -c**2 + c - 2. Let w(h) = 2*h**2 + 5*h + 3. Let o(u) = f(u) + w(u). Suppose 4*i - 4*a + 35 = -a, -4*a - 5 = 5*i. Determine o(i).
-4
Let t(m) be the third derivative of m**5/20 + m**4/12 + m**3/3 + 208*m**2. Give t(-2).
10
Let m(a) = -17*a - 303. Let g be m(-18). Let h(r) be the second derivative of 2/3*r**3 - g*r - 1/12*r**4 + 0 + 3*r**2. Give h(5).
1
Let a = 17 + -63. Let d be (0 + 2)*a/(-4). Let r = 28 - d. Let q(i) = -3*i + 1. Determine q(r).
-14
Let o = -6 - -41. Suppose o = p + 4*p. Let l(q) = q**2 - 8*q + 5. Give l(p).
-2
Let o(b) = -b + 1. Let g(v) = -11*v + 4. Let r(c) = -2*g(c) + 14*o(c). Calculate r(-2).
-10
Let x(a) = -a**3 - 6*a**2 + 9*a - 2. Let n(g) = g**2 + 8*g + 2. Let y be n(-8). Suppose 2*q = -2*w - 18, -y*w + w - 4*q = 15. Give x(w).
-16
Let b(m) = 3*m**2 - 5*m - 2. Let r = -190 + 198. Let h = 7 + -4. Let l(u) = -u**2 + 2*u + 1. Let k(a) = h*b(a) + r*l(a). What is k(2)?
8
Suppose 0 = -13*v + 16*v. Let i be 5*(-2 - 6/(-2)). Let l(b) = -6 + b + 1 - i. Determine l(v).
-10
Let h(u) = 4*u**2 - 19*u + 13. Let q be h(5). Let o(i) = i - 12. Determine o(q).
6
Let d(i) = i + 8. Let u be d(-8). Suppose -2*x + 5*l = -21, 4*l + u = -3*x - 3. Let j(k) = 0*k**3 + x*k**3 + 3*k**3. What is j(-1)?
-6
Let z(j) = 17*j + 16. Let d(x) = 19*x + 18. Let f(r) = -5*d(r) + 6*z(r). What is f(-4)?
-22
Let b(g) be the first derivative of -1/2*g**2 + 0*g + 6. Let j(m) = 5*m**3 + 7*m + 1. Let w(t) = -6*b(t) - j(t). What is w(-1)?
5
Let b(w) = -20*w**3 - 3*w**2 + 89*w + 9. Let m(y) = 7*y**3 + y**2 - 31*y - 3. Let u(s) = 6*b(s) + 17*m(s). Calculate u(-3).
0
Let i(x) = -5*x + 181*x**3 + 3*x - 184*x**3 + 1. Give i(1).
-4
Let l(w) = w**3 + 6*w**2 + 3*w - 7. Let m(i) = -9*i - 7. Let z be m(-1). Suppose -2*o + z*t = 4*t + 10, 0 = 3*o + 4*t + 15. What is l(o)?
3
Suppose 0 = -33*w + 29*w + 8. Let o(m) = 0*m**w - 61 + 5*m + m**2 + 60. Let a = -4 + -1. Give o(a).
-1
Let p(d) be the second derivative of d**3/6 - d**2/2 + 2*d. Let q(z) = -z**2 + 2*z + 14. Let o be q(-3). Give p(o).
-2
Let h(b) = -5*b + 2. Suppose 12 = -i - q + 8, 0 = 5*i + q + 16. What is h(i)?
17
Let s(t) = -t**3 + 2*t**2 + 3*t + 2. Suppose -9 + 18 = 3*u. Determine s(u).
2
Suppose -k + 1 = -1. Let t(z) be the first derivative of -2/3*z**3 - 3/2*z**2 + 1/2*z**4 + 3*z + 6. Determine t(k).
5
Let u(x) = 15*x**2 - 3*x - 2. Let y be (-4 - 0)/(4 + -2) - -1. Calculate u(y).
16
Let z(x) = -2*x**3 - 4*x**2 - 4*x - 2. Suppose -23 = 34*y - 29*y - 4*a, -8 = 4*y + 2*a. What is z(y)?
28
Let r(j) = j - 4. Let v = 37 - 43. Let l be ((-2)/(-2))/(2/v). Calculate r(l).
-7
Let i(h) = -h**3 + 7*h**2 - 2*h + 9. Suppose -22 = 4*q - 50. Calculate i(q).
-5
Suppose i + z + 26 = 0, 8*i + 82 = 5*i - 4*z. Let l(g) = 2*g + 46. Give l(i).
2
Let t(w) be the first derivative of w**4/12 + 5*w**3/6 + 5*w**2/2 + 12*w + 8. Let b(u) be the first derivative of t(u). Give b(-4).
1
Let f(z) = 2*z - 5. Suppose 349 = -10*o + 309. Calculate f(o).
-13
Suppose -176*n = 155 - 155. Let c(r) be the first derivative of r**2/2 - 5*r - 1. Calculate c(n).
-5
Let z(p) = -p**3 - 17*p**2 - p. Let y be (-3)/(-2) + (-30)/(-12) + -21. Give z(y).
17
Let t(l) = -l**2 + l + 23. Let a(c) = -c**3 - 3*c**2 + 12*c + 36. Let h be a(-3). What is t(h)?
23
Suppose 5*m = p + 28, -4*m + p = -m - 16. Let h(t) = -2*t + 12. Let g be h(m). Suppose -5*o = -g*o + 25. Let d(u) = u + 7. What is d(o)?
2
Let c(o) be the first derivative of -o**3/3 - 5*o**2/2 - 5*o - 2. Let u(j) = -17*j + 97. Let x be u(6). Determine c(x).
-5
Let t(h) = h**3 - 6*h**2 + 9*h - 2. Let k be t(4). Suppose 0 = -o + 3, 0 = -5*d + k*d + 4*o - 9. Let r(a) = -2*a - 1. Determine r(d).
-3
Let b(m) = m**3 - 7*m**2 + 4*m + 2. Let p(c) = 6*c + 5. Let o be p(-3). Let a = o - -19. Give b(a).
-10
Let q be ((-1)/((-6)/(-14)))/((-2)/6). Suppose 98 = -q*a + 56. Let y(x) = x**3 + 7*x**2 + 5*x + 2. What is y(a)?
8
Let v(t) = 5*t**2 + 2*t - 1. Let k = -22 + 17. Let l(y) = -y**2 - 8*y - 1. Let u be l(-7). Let f = u + k. What is v(f)?
6
Let q(l) = -11*l**3 + 21*l**2 + 3*l + 25. Let o(v) = -5*v**3 + 10*v**2 + v + 12. Let t(j) = -9*o(j) + 4*q(j). What is t(6)?
10
Suppose 108 = -59*p + 580. Let u(x) be the first derivative of p - 3/2*x**2 + 8*x. What is u(6)?
-10
Suppose 11 + 5 = -2*s. Let u(j) = -j**3 - 8*j**2 - j + 2. Let l(k) = k**3 + 8*k**2 + 2*k - 3. Let r(z) = 2*l(z) + 3*u(z). Give r(s).
-8
Let n = 2 - 15. Let a = n - -8. Let q(k) = -k - 6. Calculate q(a).
-1
Let x(b) = 1 - 3*b + 3*b + b. Let u = -1873 - -1867. Calculate x(u).
-5
Let a = 111 + -110. Let s(c) = 3*c**3 - c**2 - c + 1. What is s(a)?
2
Let f(d) = -4 - 14 - 5 + 8 - 2*d. What is f(-7)?
-1
Let n(w) = 2*w - 32. Let c = 1431 + -1414. Calculate n(c).
2
Let b(f) = -4*f**2 - 46*f - 21. Let l be b(-11). Let v(j) = -18*j - 1. Give v(l).
-19
Suppose 3*b = -2*b - 5, 5*v = 2*b - 43. Let y(l) = l**3 + 9*l**2 + l - 9. What is y(v)?
-18
Let y = 7 - 1. Suppose 5*g = 19 + y. Let m(r) = r**2 - 5*r + 7. Give m(g).
7
Let w = -30 - -76. Let m = w + -48. Let g(d) = 2*d + 2. Calculate g(m).
-2
Let c(w) = -w**2 - w. Let t be c(0). Let a(k) = -5*k + t - 1 - 2*k. Let l = 1808 + -1809. Determine a(l).
6
Suppose 8*d - 62 = 10. Suppose -8*o - 15 = d. Let z(g) = -g**2 + 4. What is z(o)?
-5
Let t(r) = -20*r + 13. Let x(c) = -7*c + 4. Suppose 2*p + 3 = -9. Let w(g) = p*t(g) + 17*x(g). What is w(7)?
-3
Let p(v) = -2*v**2 + 3*v**2 + 30 - 29 - v**3 - v. Let c(j) = -5*j**3 + 6*j**2 - 5*j + 2. Let t(i) = -c(i) + 4*p(i). Let m be (3/2)/((-6)/(-8)). Calculate t(m).
4
Suppose 0 = -2*d - 4*a + 14, -d + 2*a - 9 = -8. Let g(h) be the third derivative of 1/24*h**4 + 2*h**2 + 0 + 0*h**d + 0*h. Give g(0).
0
Let m(z) = 0 - 2*z + z + 8. Let a(i) = i**2 - 2*i**2 + 1 + 6*i**2 - 4*i**2 + i. Let p be a(-3). What is m(p)?
1
Suppose 320*z = 321*z - 3*c - 12, 3*z - 5*c - 28 = 0. Let g(t) = -10*t + 60. Calculate g(z).
0
Let a(g) be the second derivative of -3/2*g**3 + 0 - 1/12*g**4 - 7/2*g**2 + 7*g. Give a(-7).
7
Let g(i) be the third derivative of -i**6/120 - 7*i**5/60 + 5*i**4/12 + 7*i**3/3 + 135*i**2. Give g(-8).
-2
Let r(s) = -s**2 + 3*s - 3. Let g = 4 + -1. Let j = g - -17. Suppose -n + j = 4*n. What is r(n)?
-7
Let a(u) = u - 1. Let x(d) = -8*d + 4. Let r(k) = -5*a(k) - x(k). Let s = 1230 - 1233. Determine r(s).
-8
Let x(m) = 3*m**2 + 18*m + 23. Let z be 13 - 4 - (4/2 - 4). Let f(i) = -i**2 - 6*i - 8. Let p(n) = z*f(n) + 4*x(n). What is p(-5)?
-1
Let q(l) = l + 4. Let d be -7 - -1 - ((-30)/(-6) + -2). Let i be q(d). Let 